housands digit of 135030?
3
What is the tens digit of 18556?
5
What is the tens digit of 1139?
3
What is the ten thousands digit of 151701?
5
What is the hundreds digit of 631?
6
What is the units digit of 30055?
5
What is the thousands digit of 20938?
0
What is the hundreds digit of 6011?
0
What is the tens digit of 1847?
4
What is the tens digit of 7589?
8
What is the hundreds digit of 25999?
9
What is the tens digit of 3130?
3
What is the units digit of 785?
5
What is the hundreds digit of 4459?
4
What is the hundreds digit of 11092?
0
What is the hundreds digit of 7837?
8
What is the tens digit of 11844?
4
What is the hundreds digit of 56116?
1
What is the thousands digit of 29630?
9
What is the ten thousands digit of 35227?
3
What is the tens digit of 2543?
4
What is the units digit of 401?
1
What is the units digit of 903?
3
What is the units digit of 662?
2
What is the units digit of 372?
2
What is the tens digit of 20148?
4
What is the units digit of 2208?
8
What is the hundreds digit of 2880?
8
What is the units digit of 1884?
4
What is the thousands digit of 23132?
3
What is the tens digit of 105860?
6
What is the thousands digit of 10567?
0
What is the thousands digit of 16266?
6
What is the ten thousands digit of 74421?
7
What is the thousands digit of 6734?
6
What is the thousands digit of 93560?
3
What is the tens digit of 101438?
3
What is the tens digit of 684?
8
What is the ten thousands digit of 11345?
1
What is the hundreds digit of 7723?
7
What is the ten thousands digit of 150742?
5
What is the units digit of 986?
6
What is the tens digit of 1212?
1
What is the hundreds digit of 2293?
2
What is the units digit of 2616?
6
What is the units digit of 6301?
1
What is the units digit of 30858?
8
What is the hundreds digit of 8955?
9
What is the thousands digit of 7892?
7
What is the tens digit of 4674?
7
What is the hundreds digit of 4217?
2
What is the units digit of 298?
8
What is the units digit of 30381?
1
What is the units digit of 330?
0
What is the units digit of 47646?
6
What is the hundreds digit of 4157?
1
What is the tens digit of 6901?
0
What is the thousands digit of 2462?
2
What is the units digit of 1464?
4
What is the thousands digit of 9520?
9
What is the hundreds digit of 1718?
7
What is the hundreds digit of 4650?
6
What is the units digit of 1256?
6
What is the thousands digit of 1741?
1
What is the tens digit of 52869?
6
What is the hundreds digit of 32496?
4
What is the hundreds digit of 605?
6
What is the ten thousands digit of 91551?
9
What is the tens digit of 1853?
5
What is the tens digit of 8779?
7
What is the ten thousands digit of 13988?
1
What is the tens digit of 302?
0
What is the tens digit of 10474?
7
What is the thousands digit of 29588?
9
What is the ten thousands digit of 43334?
4
What is the tens digit of 1178?
7
What is the hundreds digit of 346?
3
What is the units digit of 2839?
9
What is the hundreds digit of 3889?
8
What is the thousands digit of 44681?
4
What is the tens digit of 2241?
4
What is the thousands digit of 25962?
5
What is the hundreds digit of 697?
6
What is the units digit of 785?
5
What is the units digit of 64161?
1
What is the tens digit of 7225?
2
What is the ten thousands digit of 58020?
5
What is the units digit of 1194?
4
What is the units digit of 4100?
0
What is the thousands digit of 9668?
9
What is the ten thousands digit of 29808?
2
What is the thousands digit of 1919?
1
What is the units digit of 59086?
6
What is the thousands digit of 4510?
4
What is the units digit of 20553?
3
What is the units digit of 2152?
2
What is the tens digit of 829?
2
What is the units digit of 7223?
3
What is the hundreds digit of 24577?
5
What is the hundreds digit of 33864?
8
What is the ten thousands digit of 23951?
2
What is the thousands digit of 1743?
1
What is the hundreds digit of 60531?
5
What is the tens digit of 37019?
1
What is the tens digit of 11198?
9
What is the units digit of 92650?
0
What is the units digit of 2500?
0
What is the units digit of 11422?
2
What is the thousands digit of 1764?
1
What is the thousands digit of 91565?
1
What is the units digit of 1180?
0
What is the units digit of 4059?
9
What is the units digit of 611?
1
What is the hundreds digit of 16740?
7
What is the thousands digit of 27834?
7
What is the tens digit of 7355?
5
What is the units digit of 186?
6
What is the ten thousands digit of 32879?
3
What is the hundreds digit of 4487?
4
What is the tens digit of 7290?
9
What is the hundreds digit of 3046?
0
What is the thousands digit of 6067?
6
What is the tens digit of 7399?
9
What is the hundreds digit of 3038?
0
What is the units digit of 5070?
0
What is the tens digit of 13178?
7
What is the units digit of 19690?
0
What is the ten thousands digit of 55645?
5
What is the thousands digit of 1884?
1
What is the hundreds digit of 16558?
5
What is the hundreds digit of 8148?
1
What is the tens digit of 2891?
9
What is the tens digit of 20910?
1
What is the units digit of 34138?
8
What is the tens digit of 34169?
6
What is the units digit of 86371?
1
What is the tens digit of 158?
5
What is the hundreds digit of 19135?
1
What is the hundreds digit of 8041?
0
What is the hundreds digit of 115?
1
What is the thousands digit of 72053?
2
What is the units digit of 730?
0
What is the units digit of 2139?
9
What is the thousands digit of 13297?
3
What is the units digit of 117?
7
What is the hundreds digit of 36629?
6
What is the units digit of 1258?
8
What is the thousands digit of 10839?
0
What is the units digit of 1923?
3
What is the thousands digit of 10523?
0
What is the tens digit of 9945?
4
What is the units digit of 333?
3
What is the units digit of 1039?
9
What is the tens digit of 1504?
0
What is the ten thousands digit of 23758?
2
What is the hundreds digit of 55930?
9
What is the hundreds digit of 546?
5
What is the units digit of 2293?
3
What is the hundreds digit of 269?
2
What is the hundreds digit of 8030?
0
What is the ten thousands digit of 23592?
2
What is the hundreds digit of 10293?
2
What is the thousands digit of 4923?
4
What is the hundreds digit of 3518?
5
What is the hundreds digit of 527?
5
What is the ten thousands digit of 148057?
4
What is the thousands digit of 3940?
3
What is the units digit of 48?
8
What is the thousands digit of 3993?
3
What is the units digit of 29399?
9
What is the thousands digit of 4028?
4
What is the thousands digit of 2222?
2
What is the hundreds digit of 755?
7
What is the ten thousands digit of 24852?
2
What is the units digit of 416?
6
What is the thousands digit of 7329?
7
What is the thousands digit of 7066?
7
What is the tens digit of 1154?
5
What is the tens digit of 2409?
0
What is the units digit of 3897?
7
What is the hundreds digit of 9977?
9
What is the tens digit of 5859?
5
What is the tens digit of 1470?
7
What is the tens digit of 21044?
4
What is the units digit of 2306?
6
What is the thousands digit of 1403?
1
What is the hundreds digit of 11868?
8
What is the units digit of 139?
9
What is the units digit of 31344?
4
What is the tens digit of 217?
1
What is the ten thousands digit of 43310?
4
What is the hundreds digit of 1809?
8
What is the tens digit of 2536?
3
What is the ten thousands digit of 12440?
1
What is the units digit of 4035?
5
What is the thousands digit of 19133?
9
What is the tens digit of 498?
9
What is the thousands digit of 119897?
9
What is the hundreds digit of 32857?
8
What is the hundreds digit of 504?
5
What is the units digit of 19661?
1
What is the hundreds digit of 6763?
7
What is the tens digit of 194?
9
What is the hundreds digit of 922?
9
What is the units digit of 9183?
3
What is the thousands digit of 9071?
9
What is the hundreds digit of 1505?
5
What is the tens digit of 72146?
4
What is the units digit of 18348?
8
What is the hundreds digit of 327?
3
What is the tens digit of 11497?
9
What is the units digit of 4377?
7
What is the tens digit of 927?
2
What is the units digit of 1505?
5
What is the hundreds digit of 44301?
3
What is the units digit of 8870?
0
What is the tens digit of 621?
2
What is the tens digit of 387?
8
What is the tens digit of 721?
2
What is the units digit of 9151?
1
What is the thousands digit of 4376?
4
What is